 70/(-15)). Let m(r) = 3*r**2 - 5*r + 8. Give m(n).
20
Suppose -3*t = 10*a - 12*a + 21, 0 = 4*t + 2*a + 42. Let u(y) = -6*y + 5. Give u(t).
59
Let f = 7760 + -7766. Let k(r) = 2*r**2 + 5*r - 6. Give k(f).
36
Suppose 2*s = -2*s + z + 6, 2*z = -5*s + 14. Let x(g) = g**3 + 2*g - 4. Calculate x(s).
8
Let f(x) = x**3 - 5*x**2 + 5. Let y = 71 + -36. Suppose 5*o + y = 4*m - 9*m, 0 = 2*m - 4*o + 38. Let l(w) = w**2 + 13*w + 27. Let d be l(m). Give f(d).
5
Let d(j) = 8222 - 2*j**3 - j**2 + 8224 - 2*j - 16444. Determine d(0).
2
Let j(x) = -x**2 - 7*x + 47. Let n be j(-11). Let f be (-3)/(3/(-5)) - n. Let o(t) be the second derivative of t**4/6 - t**3/2 + 3*t**2/2 + t. Calculate o(f).
5
Let f(p) = -9*p**3 + 3*p**2 + 6*p - 5. Let s(a) = 45*a**3 - 16*a**2 - 30*a + 25. Let c(m) = -11*f(m) - 2*s(m). What is c(1)?
7
Let c(l) = 1 - 304*l - 337*l + 1025*l - 334*l. Calculate c(0).
1
Let z(t) be the second derivative of -4*t**3/3 - 45*t**2/2 - 2292*t. Give z(5).
-85
Let s(x) be the third derivative of x**6/60 - x**5/60 - x**4/12 - x**3/6 + 42*x**2 - x. Let g be -9 + -5 + (-48)/(-3). Give s(g).
7
Let b(t) = 33*t + 119. Let z = 34958 - 34961. Determine b(z).
20
Let h be 12/(-10)*55/22. Let a(i) = -2*i**3 + 2*i**2 - 4*i + 7. Let z(y) = 3*y**3 - 4*y**2 + 7*y - 13. Let m(d) = -5*a(d) - 3*z(d). What is m(h)?
-2
Let m = -1316 + 1314. Let v(h) = -h. What is v(m)?
2
Let x(f) be the second derivative of f**5/20 + 5*f**4/6 - f**3 - 55*f**2/2 - 606*f. What is x(-10)?
5
Suppose -o - 128 = 2*o - t, -3*t = -2*o - 76. Let d = -30 - o. Let b(w) = -5*w**2 + w**3 + 1 + 15*w - 2 - d*w. Give b(4).
-13
Let o = 8708 - 8701. Let x(h) = h**3 - 10*h**2 + 7*h - 2. Let t(w) = 4*w**3 - 41*w**2 + 28*w - 9. Let s(z) = 2*t(z) - 9*x(z). What is s(o)?
0
Let r(q) be the second derivative of -q**4/6 + 5*q**2/2 + 70*q. Let b(h) be the first derivative of r(h). Calculate b(-1).
4
Let o(x) = 2*x**2 + 13*x - 11. Let z be o(-8). Let u(d) = -3*d**2 - 28*d - 20. Let a(q) = -8*q**2 - 64*q - 41. Let g(b) = 2*a(b) - 5*u(b). Determine g(z).
5
Suppose -2635*g + 2617*g = -126. Let p(j) = -4*j**2 + 5*j - 9. Let k(v) = -v**2. Let c(r) = -3*k(r) + p(r). What is c(g)?
-23
Let f(q) = -6*q - 2. Let k(d) = 45*d - 81. Let v(r) = 9*f(r) + k(r). What is v(-11)?
0
Let k(f) = f**2 + 2*f. Let h(y) = y**3 - y**2 - y - 1. Let l(x) = x**2 + 28*x + 26. Let q be l(-27). Let z(v) = q*k(v) - 2*h(v). What is z(2)?
-10
Let z = 8266 - 8260. Let h(v) = -v**3 + 7*v**2 - 4*v - 10. Give h(z).
2
Let x(o) = -5*o + 1. Let z = -23 - -43. Suppose 3*s + z = 8*s. Suppose 0 = s*q + 5*q + 27. What is x(q)?
16
Let n(c) = 41*c**3 - 11 - 21*c**3 - 28*c - 21*c**3 + 8 + 27*c**2 - 64*c. Give n(23).
-3
Let n(k) = 74*k**2 - 11*k - 21. Let l(b) = 15*b**2 + b + 1. Let j(a) = -5*l(a) + n(a). Determine j(-15).
-11
Let v = 26 + 16. Suppose -12 = -3*f - v. Let r(t) = t**3 + 9*t**2 - 9*t - 6. Determine r(f).
-16
Let y(i) = -5*i**2 + 16*i + 9. Let o(w) = -3*w**2 + 11*w + 6. Let s(p) = -8*o(p) + 5*y(p). Let u = 422 + -427. Determine s(u).
12
Let i(a) be the first derivative of a**4/4 - 2*a**3 + a**2 - 11*a + 109. Let f = -13 - -19. Calculate i(f).
1
Let l(f) be the second derivative of -f**3/2 - 5*f**2/2 + f. Let c(a) = 6*a - 19. Suppose 0 = 56*i - 59*i + 12. Let m be c(i). Give l(m).
-20
Let k(t) = -62*t - 19. Let v(w) = -35*w - 10. Suppose 3*l + 4*b + 1 = -22, -2*l + 4*b - 2 = 0. Let c(m) = l*v(m) + 3*k(m). What is c(-5)?
48
Suppose -5*w = 4*z + 12, -4*w - 5 = 2*z + 1. Suppose 152*o - 151*o + 12 = w. Let k(p) = -2*p - 24. Calculate k(o).
0
Let s(k) = k**3 - 6*k**2 - 5*k - 11. Suppose 60 = 4*p - 5*n, 2*p + 35*n - 18 = 36*n. Give s(p).
-61
Let c(h) be the second derivative of -h**5/20 + 7*h**4/6 - 2*h**3 - 3*h**2/2 + 2*h + 290. Give c(13).
10
Let n(c) = c**3 - 2*c**2 + 2*c + 1. Let b(f) = 2*f**2 - 19*f - 13. Let d be b(10). Let o be (2/d)/((-8)/(-12)). Let r be (5 - o) + 52/(-13). Give n(r).
5
Let h(b) = 2*b - 5. Let u be h(4). Let k = 1422 + -1408. Let x(n) = -k*n + u + 10*n + 3*n. Give x(0).
3
Let s = 3 + 58. Let h(g) = -3 - 129*g + s*g + 60*g. Give h(-4).
29
Let i be 2/10 - ((-378)/35 - -5). Let l(n) = i*n - 3*n + n - 5*n. What is l(2)?
-2
Let s(n) be the second derivative of n**3/6 - 8*n**2 - n. Let h(j) = 5*j - 348 + 615 - 331. Let f(r) = 2*h(r) - 9*s(r). Determine f(-7).
9
Let m(j) = -j**2 + 6*j - 4. Let n(d) = -d**2 - 16*d - 36. Let x be n(-11). Suppose -p = 5*c - x, -4*c - 1 = -3*c - p. Determine m(c).
5
Let i be 345/40 + (3 - (-84)/(-32)). Let z(c) = -c**3 - i*c + 7*c - 2 + 4*c**2 - 2*c**2. What is z(3)?
-17
Let r = -223813 + 223804. Let j(z) be the second derivative of -z**3/6 + z**2/2 + z. Give j(r).
10
Let j(n) = -n**3 + 9*n**2 - 40*n + 184. Let g be j(7). Let i(w) = 78*w - 10. Determine i(g).
146
Let b(l) be the second derivative of l**4/12 - l**3/3 + l**2 + 2*l. Suppose -14*m + 1023 = -41. Suppose 80*o - 8 = m*o. Calculate b(o).
2
Suppose -5*d + 115 = 5*y, -5*y + 2 = -3*y. Let o(p) = -3 + 8*p + d*p - 20*p. Give o(2).
17
Let u be ((-192)/(-144))/((-4)/(-18)). Let x(t) = u*t + 4*t + 10 - 10*t - 2*t + 3*t. Give x(-5).
5
Let i(u) = -19*u - 45 - 49 - 44 + u**3 + 178 - 41 - u**2. What is i(0)?
-1
Let n(y) = 14*y**2 + y. Let q(c) = c**2 + 11*c - 11. Let w = -528 - -529. Let t be q(w). Give n(t).
15
Let b(g) = -7 - 8 - 2*g - 2*g**2 - 20 + 1 + 40. Determine b(-4).
-18
Let a(o) be the second derivative of -o**5/20 + 11*o**4/6 + o**3/6 - 25*o**2/2 - 74*o - 3. Give a(22).
-3
Let h(y) = -y**3 + 3*y - 12*y**2 - 16*y**2 + 24*y**2 - 7 - 1. Determine h(-5).
2
Let w(v) = -3 + v**2 + 59*v**3 + v - 2*v + 62*v**3 - 125*v**3. What is w(-2)?
35
Let k(g) = g**2 + 35*g + 88. Suppose 42*l + 3456 = -58*l - 8*l. Give k(l).
-8
Let r(f) be the third derivative of 0*f**4 + 17*f - 1/6*f**3 + 0 - 17/120*f**6 + 0*f**5 - 5*f**2. Give r(-1).
16
Let u(b) be the third derivative of b**6/60 + b**5/120 - b**4/24 + b**3/2 - 19*b**2. Let r(q) be the first derivative of u(q). Determine r(1).
6
Let a be (69/46)/((-3)/4). Let c(o) = 7*o + 15. Let r(y) = y**2 - 4*y - 9. Let s(p) = -3*c(p) - 5*r(p). Give s(a).
-18
Let l(a) = -a**2 - 28*a - 3. Let s be l(-27). Let y(g) = 4*g - 97. Calculate y(s).
-1
Suppose 12*g - 48*g = -288. Let d(n) = -n**2 + 13*n - 25. Give d(g).
15
Suppose 6 + 14 = -4*k, -5*c + k = -20. Suppose h + 4 = 6. Let g(f) = -2*f - h*f**2 + 19*f - 8*f + 3 - 7*f. Give g(c).
-9
Let b(q) = -q**2 + 10*q + 34. Let l(n) = 3*n**2 - 85*n + 502. Let w be l(8). Calculate b(w).
-22
Let t(c) = 10 + c + 3 - 3*c. Let i(j) = 36*j + 1161. Let h be i(-32). What is t(h)?
-5
Suppose 4*l + 2*m = 186, -m + 136 = 5*l - 98. Suppose a = 3*f - 167, -4*f + 4*a = -7*f + 172. Let z = l - f. Let w(t) = t**3 + 10*t**2 + 10*t + 3. Give w(z).
-6
Let h(o) = -o**2 - 20*o + 4. Let r be 3/((-2524)/(-504) - 5). Let a = r + -398. What is h(a)?
4
Let y = -161 + 163. Let l(a) = 146 - 75 - 70 + 2*a + 10*a**y. Determine l(-1).
9
Let x(q) = -2*q - 1. Let l be x(-2). Let b(z) be the third derivative of 3*z**4/8 - z**3/3 - 115705*z**2. What is b(l)?
25
Let n(b) = -6*b - 28. Suppose 0 = -2*j - 2*r - 22, 230*r - 8 = 4*j + 225*r. Calculate n(j).
14
Suppose -9*z + 3264 = 3228. Let o(x) = 1 + 5*x + 6*x**2 + 0*x + 2 + 2*x**3. Let h(n) = n**3 + n**2. Let b(m) = -3*h(m) + o(m). Give b(z).
7
Let m(c) = c**2 + 9*c + 1. Let g(q) = 0*q + 2*q - 2*q**2 + 3*q**2 + 8*q. Let u(i) = 4*g(i) - 5*m(i). Suppose 2 = 4*s + 22. What is u(s)?
-5
Let d(w) = 34*w + 578. Let g be d(-17). Let f(t) be the third derivative of 1/30*t**5 + 0 - t**2 - 7/24*t**4 + g*t + 5/6*t**3. Determine f(4).
9
Suppose 0 = 24*m + 3113 - 113. Let f = m + 124. Let t(q) = -5*q**2 - q. Calculate t(f).
-4
Let w(v) = v**3 + v**2 + v + 1. Let n(u) = 2*u**2 + 8*u + 7. Let g be n(-3). Let r(s) = 4*s**3 - 3*s**2 + 6*s + 3. Let j(c) = g*r(c) - 5*w(c). What is j(-8)?
-10
Let v be (16/(-10))/2*10/4. Let k be (23 + -17)/((-2)/((-4)/v)). Let h(u) = -u**3 - 6*u**2 + 7. Determine h(k).
7
Let z(l) = l**2 - 24*l + 141. Let a = 530 + -515. Let i be z(a). Let y(u) = -2*u**2 + 12*u + 8. Give y(i).
8
Let x(i) = i**2 - 52*i - 764. Let o be x(64). Let z(l) = 6*l**2 - 5*l + 2. Calculate z(o).
78
Suppose 0 = 17*p - 14*p. Suppose 6*y - 9 - 15 = p. Let j(v) = -6*v + y*v + 4*v - 4. Determine j(5).
6
Let x(u) = -u**2 - 8*u - 11. Let g be x(-5). Suppose -5*s - 3*c = -16, -5*c - g = -4*s - 3*c. Let o(y) 